s - 120. What is the tens digit of a?
1
Let x(c) = 5*c**2 - 1. Suppose 3*q - 12 = 7*q. Let g be 4/(4/q) + 2. What is the units digit of x(g)?
4
Suppose 1 = 5*o + 6. Let c = 1 - o. What is the units digit of c?
2
Suppose -o + 3 - 4 = -2*c, -5*o + 5*c - 15 = 0. Let m be (-21 + o)*(-1)/2. Suppose 0 = -3*q + 38 + m. What is the units digit of q?
7
Let l = 1 + 3. What is the units digit of 69/9 - l/6?
7
Let q(s) = -3*s - 11. Let t be q(-5). Suppose -11 = -5*h + t*g + 177, 44 = h - 4*g. What is the units digit of h?
6
Let y(g) = 0*g + 3*g - 8 + 3*g + 0 + g**2. Let m be y(-8). Suppose -5*l + m = -3*q, 5*q = -4*l + 28 + 8. What is the units digit of q?
4
What is the tens digit of (-242)/(-4) + 11/22?
6
Let k be 1/((-3)/(-4))*3. Suppose k = s - 0*s. What is the units digit of s?
4
Let n(k) = -k + 0 - 1 + 2 + 2*k. What is the units digit of n(4)?
5
Let u(k) = -k**3 - 11*k**2 + 9*k - 14. Let t = -13 - -1. What is the units digit of u(t)?
2
Suppose -5*w + 0 + 35 = 0. Let u be w*3*(-20)/(-14). Suppose -2*f = f - u. What is the units digit of f?
0
Let k(y) = 17*y + 4. What is the hundreds digit of k(13)?
2
Let q = 37 + -25. What is the units digit of q?
2
Suppose -f = 0, 0*y + 2*f = 3*y - 15. Suppose -95 = -4*w + y. What is the units digit of w?
5
Let w be 4/1 - (-8 + 6). Suppose 4*g = w*g - 14. What is the units digit of g?
7
Suppose -d - 2 = -3*d. Let o = d + 4. Suppose 2*i + 3*i - o = 0. What is the units digit of i?
1
Let m = 23 - 1. What is the units digit of m?
2
Suppose 2*s - 805 = -3*h, -4*s = -4*h + 2*h + 558. What is the hundreds digit of h?
2
Let f = -41 - -60. What is the tens digit of f?
1
What is the units digit of (33/(-2))/((-4)/8)?
3
Suppose 0 = 10*v - 6*v - 212. What is the units digit of v?
3
Let x(c) = -c**2 - 10*c - 8. Suppose -38 = 4*w - k - k, 0 = -2*k + 6. What is the units digit of x(w)?
8
Let r(n) = -1 + 6*n - 2*n**2 - n + n**2 - 8. Let u be r(6). Let w = 25 + u. What is the tens digit of w?
1
Suppose -3*j - 171 = -6*j + 3*x, 3*j - 155 = -x. What is the units digit of j?
3
Suppose -3*i + 8 = -a - 5, 1 = 2*a + 3*i. Let s be (-18)/(-4)*(0 + 2). Let d = s + a. What is the units digit of d?
5
Suppose -8 = -0*j + 4*j. Let c(a) be the third derivative of -a**6/120 - a**5/30 - a**4/12 + a**3/6 + a**2. What is the units digit of c(j)?
5
Let d be 3/2*4*-2. Let b be 16/3 + (-8)/d. What is the units digit of 44/b - (-1)/(-3)?
7
Let m = -20 - -29. Suppose 0 = -q - 4*k - 17, -5*q - 2*k - m - 4 = 0. What is the units digit of q/2*(-22 - -4)?
9
Let x(y) = y - 13. Let j be x(6). Let l = 43 + j. What is the units digit of l?
6
Let t = 6 + -1. Suppose -n - 4*w - 18 = -t, -n + 8 = -3*w. Let i = n + 10. What is the units digit of i?
9
Suppose 5*n + 0*n - 865 = 4*c, 0 = -5*n + 2*c + 875. What is the units digit of n?
7
Let z(t) = -t + 5. Let f be z(2). What is the tens digit of (-2)/f - 658/(-42)?
1
Let a be 2 + 4/(-2) - -16. Suppose 5*w + s - 5 = 4*w, 5*w - a = -2*s. Suppose -w*t + 4*l + 1 = l, 0 = -t + 2*l. What is the units digit of t?
2
Suppose 2*b = 3*b - 4. Suppose 3*f = -d, -f = -5*d - 12 - b. What is the units digit of f?
1
Suppose 0 = -2*a - 0*a + 12. Let c = a - 3. What is the units digit of c?
3
Suppose 0 = 2*o + q - 3*q + 10, 5 = 5*o + q. Suppose 3*r + 19 = u, o*u + 3*r = -5*u + 23. What is the units digit of u?
7
Suppose -2*w - 33 = 207. What is the tens digit of (9/(-2))/(45/w)?
1
Let m(d) = 3*d**2 + 7*d - 5. What is the units digit of m(-4)?
5
Suppose 2*j + 2*j = 0. Suppose 5*g + 2*q - 14 = 0, -g - 8 = -j*q - 5*q. What is the units digit of g?
2
Suppose -4*w + 15 = k - 0, -3*k + 5*w - 6 = 0. What is the units digit of k?
3
Suppose -3*u + 4*u = 0. Let a(q) = -q - 2 - 1 + u. What is the units digit of a(-7)?
4
Suppose 61*x - 450 = 58*x. What is the units digit of x?
0
Let q(i) = 2*i**2 + 3*i + 14. What is the tens digit of q(-8)?
1
Suppose 2*r = -2*f - r - 21, 0 = -3*f - 5*r - 34. What is the tens digit of f - 76/((-16)/4)?
1
Suppose -9*g = -6*g - 63. What is the units digit of g?
1
Suppose 0 = m + 1 - 5. Suppose -5*v = 3*h - 1 - m, 3*v - 3 = -3*h. What is the units digit of v?
1
Suppose 21*y = 14*y + 238. What is the units digit of y?
4
Let d(l) = 2*l**2 - 5*l + 2. Let m be d(3). Suppose -2*t = -0*q + 2*q, 16 = -4*q. Suppose m*u + 9*c - 40 = 4*c, -46 = -t*u + 3*c. What is the tens digit of u?
1
Suppose 5*s - 16 = 49. What is the units digit of s?
3
What is the units digit of 30/3 - -1*2?
2
Let g = -4 + 7. Suppose c + 2*s = -4*c + 13, g*s = c + 11. What is the units digit of c?
1
Let x(y) = y**2 - 11*y - 3. Suppose 4 + 6 = 2*n. Suppose -21 = n*s - 81. What is the units digit of x(s)?
9
Let z = -7 + 55. Suppose -3*l + 16 = 2*x - 57, -3*l = -3*x - z. What is the units digit of l?
1
Suppose -5*j + 64 + 98 = 3*r, 20 = 5*r. Suppose 10*a - j = 5*a. Let z = 0 + a. What is the units digit of z?
6
Suppose 2*w - 3*b + 16 = -2*w, 4*w - 5*b = -16. Let q = w + 8. Suppose -3*h + 2 = -q. What is the units digit of h?
2
Suppose 0 = -2*z + 4, g - 3*z - 21 = -4. What is the units digit of g?
3
Let q(h) = -4*h - 2. Let s be q(-1). Suppose 3*u - 20 = -s*b + 3*b, -3*u + 40 = -5*b. What is the units digit of u?
5
Let m(g) = g**3 - 6*g**2 + 7*g + 6. What is the tens digit of m(6)?
4
What is the hundreds digit of (-58)/2*(-24)/3?
2
Let c(q) = 11*q - 81. What is the tens digit of c(14)?
7
Let p(w) = 76*w**2 - 3*w - 3. What is the units digit of p(-1)?
6
Let i = -232 + 353. What is the tens digit of i?
2
Let g(o) = 4*o - 4. Let v be g(6). Suppose 0 = -z - x - 20, -2*x - v = z - 6*x. What is the tens digit of (-184)/(-13) + z/130?
1
Suppose 4*m - 5*m + r = -11, 35 = 3*m - 5*r. What is the tens digit of m?
1
Let n be (-8)/(-12)*(-66)/(-4). Suppose -16 = h - 5*h. Suppose 3*k - 2*k = -h*y + n, 2*k = 3*y. What is the units digit of k?
3
Let a(b) = 3*b + 12. What is the units digit of a(0)?
2
Suppose 0 = 4*b - 1 + 9. Let u be 4/(b/36*-2). Let q = u - 19. What is the units digit of q?
7
Suppose 4*t - 3 = 1. Suppose -t = i - 7. What is the units digit of 22/i - 9/(-27)?
4
Let n = 6 + -1. Suppose -n = -5*h + 65. Let j(b) = b**2 - 13*b + 6. What is the units digit of j(h)?
0
Suppose 2*n - 5*p = 4*n + 17, -n = -4*p - 24. Suppose n*i + 0 = 76. What is the units digit of i?
9
Suppose d - 4 + 1 = 0. Let q be (-4 + d)/(2/(-38)). Suppose r + 3*c + c - 20 = 0, 0 = -2*r - c + q. What is the units digit of r?
8
Suppose v + 4*t - 84 + 28 = 0, v + 3*t - 52 = 0. Let f(g) = -g**3 + 4*g**2 + 5*g - 6. Let c be f(5). What is the tens digit of (v/(-6))/(c/9)?
1
Suppose 2*k - 21 = -5*q, -4*k + 0*q = -2*q - 30. Suppose k = 3*g - 2*g. What is the units digit of g?
8
Let o(g) = 38*g**2 - 21*g**2 - 24 + 19*g - 18*g**2. What is the tens digit of o(17)?
1
Let i be (0 - 5)*(-16)/20. Suppose -i*j - 63 = -23. Let s = 15 + j. What is the units digit of s?
5
Let q(v) = -2*v**2 + 8*v - 5. Let p be ((-18)/8)/(-3)*8. Let u be q(p). What is the units digit of u/(-4) + 1/(-4)?
7
Let j(x) = -x + 1. Let y be j(-2). Suppose o + 4*m = 63, -2*o - y*m + 106 = m. What is the units digit of o?
3
Let q(w) = -w**2 + w + 11. Let y(z) = 2*z**2 - 2*z - 22. Let x(i) = -5*q(i) - 2*y(i). Let r be x(-8). What is the units digit of 2/7 - r/(-7)?
9
Let w be (28/(-21))/(2/(-6)). Suppose 4*h - 28 = -u, 16 = -w*u - 0*u. What is the units digit of h?
8
What is the units digit of -7*2*1/(-7)?
2
Let z be (-27)/(-3) - (1 - -2). Suppose 0 = 3*v - 5*a + 2, 3*v + 4*a - 5*a - 2 = 0. Let u = v + z. What is the units digit of u?
7
Let c = 12 - 0. Let l be 3*3*(-20)/c. Let o = l + 23. What is the units digit of o?
8
Suppose v = -4*q - 38 - 3, -4 = -4*q. Let g = v - -69. What is the units digit of g?
4
Suppose 5 - 3 = 2*y. Let m(n) = 6*n. What is the units digit of m(y)?
6
Let w(g) = 196*g**2 - 1. What is the hundreds digit of w(1)?
1
Let p = 127 + -69. What is the units digit of p?
8
Let b(y) = 19 + 0 + 4*y - 3*y. What is the units digit of b(-9)?
0
Suppose -17 = -5*r + q, 4*r + 6 = 8*r + 3*q. Suppose -2*b + b = -r. What is the units digit of b?
3
Let i = -7 - -9. Suppose -5*m + 17 = -2*a, -i*m - m - 5*a + 4 = 0. Suppose 2*x = -5*s + 6 + 9, 0 = -3*x - m*s + 36. What is the tens digit of x?
1
Let f be 159/33 + (-6)/(-33). What is the units digit of ((-6)/f)/(3/(-20))?
8
Let h(p) = -p**2 - 39*p - 22. What is the hundreds digit of h(-11)?